{"id":200,"date":"2025-05-07T08:15:03","date_gmt":"2025-05-07T08:15:03","guid":{"rendered":"https:\/\/zelenitragovi.com.hr\/?page_id=200"},"modified":"2025-06-09T01:14:38","modified_gmt":"2025-06-09T01:14:38","slug":"osijek-za-klince","status":"publish","type":"page","link":"https:\/\/zelenitragovi.com.hr\/index.php\/sto-raditi-u-osijeku\/osijek-za-klince\/","title":{"rendered":"Osijek za klince"},"content":{"rendered":"\n<p><strong>Zoo vrt Osijek<\/strong> &#8211; najve\u0107i zoolo\u0161ki u Hrvatskoj, smje\u0161ten na lijevoj obali Drave. Ima preko 80 \u017eivotinjskih vrsta i otvoren je cijele godine.<\/p>\n\n\n<div class=\"wp-block-image\">\n<figure class=\"aligncenter size-full\"><img loading=\"lazy\" decoding=\"async\" width=\"627\" height=\"359\" src=\"https:\/\/zelenitragovi.com.hr\/wp-content\/uploads\/2025\/06\/555.jpg\" alt=\"\" class=\"wp-image-1170\" srcset=\"https:\/\/zelenitragovi.com.hr\/wp-content\/uploads\/2025\/06\/555.jpg 627w, https:\/\/zelenitragovi.com.hr\/wp-content\/uploads\/2025\/06\/555-300x172.jpg 300w\" sizes=\"auto, (max-width: 627px) 100vw, 627px\" \/><\/figure>\n<\/div>\n\n\n<div style=\"height:30px\" aria-hidden=\"true\" class=\"wp-block-spacer\"><\/div>\n\n\n\n<p><strong>Dje\u010dje igrali\u0161te u Perivoju kralja Tomislava<\/strong> \u2013 prostrano i sigurno igrali\u0161te s raznim spravama, popularno me\u0111u obiteljima.<\/p>\n\n\n\n<figure class=\"wp-block-gallery has-nested-images columns-default is-cropped wp-block-gallery-1 is-layout-flex wp-block-gallery-is-layout-flex\">\n<figure class=\"wp-block-image size-large is-style-default\"><img loading=\"lazy\" decoding=\"async\" width=\"2040\" height=\"1360\" data-id=\"202\" src=\"https:\/\/zelenitragovi.com.hr\/wp-content\/uploads\/2025\/05\/WhatsApp-Image-2025-05-02-at-01.36.49-edited.jpeg\" alt=\"\" class=\"wp-image-202\" srcset=\"https:\/\/zelenitragovi.com.hr\/wp-content\/uploads\/2025\/05\/WhatsApp-Image-2025-05-02-at-01.36.49-edited.jpeg 2040w, https:\/\/zelenitragovi.com.hr\/wp-content\/uploads\/2025\/05\/WhatsApp-Image-2025-05-02-at-01.36.49-edited-300x200.jpeg 300w, https:\/\/zelenitragovi.com.hr\/wp-content\/uploads\/2025\/05\/WhatsApp-Image-2025-05-02-at-01.36.49-edited-1024x683.jpeg 1024w, https:\/\/zelenitragovi.com.hr\/wp-content\/uploads\/2025\/05\/WhatsApp-Image-2025-05-02-at-01.36.49-edited-768x512.jpeg 768w, https:\/\/zelenitragovi.com.hr\/wp-content\/uploads\/2025\/05\/WhatsApp-Image-2025-05-02-at-01.36.49-edited-1536x1024.jpeg 1536w\" sizes=\"auto, (max-width: 2040px) 100vw, 2040px\" \/><\/figure>\n<\/figure>\n\n\n\n<div style=\"height:30px\" aria-hidden=\"true\" class=\"wp-block-spacer\"><\/div>\n\n\n\n<p><strong>Copacabana (Kopika)<\/strong> &#8211; Osje\u010dko kupali\u0161te na Dravi s pje\u0161\u010danim pla\u017eama, bazenima i rekreacijskim sadr\u017eajima.<\/p>\n\n\n\n<p><strong>Twister Family Fun Park<\/strong> \u2013 zabavni park s trampolinima, penjalicama i igrali\u0161tima za djecu.<\/p>\n\n\n\n<p><strong>Amazonia kids jungle<\/strong> \u2013 tematska igraonica s tropskim dekorom i raznim sadr\u017eajima za djecu.<\/p>\n","protected":false},"excerpt":{"rendered":"<p>Zoo vrt Osijek &#8211; najve\u0107i zoolo\u0161ki u Hrvatskoj, smje\u0161ten na lijevoj obali Drave. Ima preko 80 \u017eivotinjskih vrsta i otvoren je cijele godine. Dje\u010dje igrali\u0161te u Perivoju kralja Tomislava \u2013 prostrano i sigurno igrali\u0161te s raznim spravama, popularno me\u0111u obiteljima. Copacabana (Kopika) &#8211; Osje\u010dko kupali\u0161te na Dravi s pje\u0161\u010danim pla\u017eama, bazenima i rekreacijskim sadr\u017eajima. Twister [&hellip;]<\/p>\n","protected":false},"author":3,"featured_media":0,"parent":157,"menu_order":0,"comment_status":"closed","ping_status":"closed","template":"","meta":{"footnotes":""},"class_list":["post-200","page","type-page","status-publish","hentry"],"_links":{"self":[{"href":"https:\/\/zelenitragovi.com.hr\/index.php\/wp-json\/wp\/v2\/pages\/200","targetHints":{"allow":["GET"]}}],"collection":[{"href":"https:\/\/zelenitragovi.com.hr\/index.php\/wp-json\/wp\/v2\/pages"}],"about":[{"href":"https:\/\/zelenitragovi.com.hr\/index.php\/wp-json\/wp\/v2\/types\/page"}],"author":[{"embeddable":true,"href":"https:\/\/zelenitragovi.com.hr\/index.php\/wp-json\/wp\/v2\/users\/3"}],"replies":[{"embeddable":true,"href":"https:\/\/zelenitragovi.com.hr\/index.php\/wp-json\/wp\/v2\/comments?post=200"}],"version-history":[{"count":4,"href":"https:\/\/zelenitragovi.com.hr\/index.php\/wp-json\/wp\/v2\/pages\/200\/revisions"}],"predecessor-version":[{"id":1204,"href":"https:\/\/zelenitragovi.com.hr\/index.php\/wp-json\/wp\/v2\/pages\/200\/revisions\/1204"}],"up":[{"embeddable":true,"href":"https:\/\/zelenitragovi.com.hr\/index.php\/wp-json\/wp\/v2\/pages\/157"}],"wp:attachment":[{"href":"https:\/\/zelenitragovi.com.hr\/index.php\/wp-json\/wp\/v2\/media?parent=200"}],"curies":[{"name":"wp","href":"https:\/\/api.w.org\/{rel}","templated":true}]}}