{"id":221,"date":"2025-05-07T08:31:52","date_gmt":"2025-05-07T08:31:52","guid":{"rendered":"https:\/\/zelenitragovi.com.hr\/?page_id=221"},"modified":"2025-06-08T13:35:05","modified_gmt":"2025-06-08T13:35:05","slug":"nocni-zivot-u-osijeku-klubovi","status":"publish","type":"page","link":"https:\/\/zelenitragovi.com.hr\/index.php\/sto-raditi-u-osijeku\/nocni-zivot-u-osijeku-klubovi\/","title":{"rendered":"No\u0107ni \u017eivot u Osijeku (klubovi)"},"content":{"rendered":"\n<p><strong>Epic<\/strong> \u2013 klub u zidinama Tvr\u0111e sa raznolikom glazbom i tematskim zabavama poput rolanja, tako\u0111er s mnogo koncerata i nastupa bendova.<\/p>\n\n\n\n<p><strong>Exit<\/strong> \u2013 klub s techno glazbom i energi\u010dnim partijima za starije od 18 godina, \u010desto znaju bit zabave s druga\u010dijim tipom glazbe poput trap, pop, rock&#8230;<\/p>\n\n\n\n<p><strong>Memories <\/strong>\u2013 manji klub za tinej\u0111ere s odli\u010dnim dj-evima i tematskim partijima s velikom terasom koja je otvorena od prolje\u0107a.<\/p>\n\n\n<div class=\"wp-block-image\">\n<figure class=\"aligncenter size-large is-resized\"><img loading=\"lazy\" decoding=\"async\" width=\"631\" height=\"1024\" src=\"https:\/\/zelenitragovi.com.hr\/wp-content\/uploads\/2025\/05\/WhatsApp-Image-2025-04-28-at-16.49.32-2-1-631x1024.jpeg\" alt=\"\" class=\"wp-image-218\" style=\"width:411px;height:auto\" srcset=\"https:\/\/zelenitragovi.com.hr\/wp-content\/uploads\/2025\/05\/WhatsApp-Image-2025-04-28-at-16.49.32-2-1-631x1024.jpeg 631w, https:\/\/zelenitragovi.com.hr\/wp-content\/uploads\/2025\/05\/WhatsApp-Image-2025-04-28-at-16.49.32-2-1-185x300.jpeg 185w, https:\/\/zelenitragovi.com.hr\/wp-content\/uploads\/2025\/05\/WhatsApp-Image-2025-04-28-at-16.49.32-2-1-768x1246.jpeg 768w, https:\/\/zelenitragovi.com.hr\/wp-content\/uploads\/2025\/05\/WhatsApp-Image-2025-04-28-at-16.49.32-2-1-946x1536.jpeg 946w, https:\/\/zelenitragovi.com.hr\/wp-content\/uploads\/2025\/05\/WhatsApp-Image-2025-04-28-at-16.49.32-2-1.jpeg 1090w\" sizes=\"auto, (max-width: 631px) 100vw, 631px\" \/><\/figure>\n<\/div>\n\n\n<p><strong>Franz Koch<\/strong> \u2013 klub u sklopu azijskog restorana za starije od 18 godina sa ni\u017eim cijenama i izvrsnom glazbom.<\/p>\n\n\n\n<p><strong>Q &#8211; Club<\/strong> \u2013 jedan od ve\u0107ih klubova u Tvr\u0111i na dva kata s odli\u010dnom glazbom za sve uzraste, otvoren je \u010detvrtkom, petkom i&nbsp; subotom do jutarnjih sati.<\/p>\n\n\n<div class=\"wp-block-image\">\n<figure class=\"aligncenter size-large is-resized\"><img loading=\"lazy\" decoding=\"async\" width=\"742\" height=\"1024\" src=\"https:\/\/zelenitragovi.com.hr\/wp-content\/uploads\/2025\/05\/WhatsApp-Image-2025-04-28-at-16.49.32-1-742x1024.jpeg\" alt=\"\" class=\"wp-image-217\" style=\"width:416px;height:auto\" srcset=\"https:\/\/zelenitragovi.com.hr\/wp-content\/uploads\/2025\/05\/WhatsApp-Image-2025-04-28-at-16.49.32-1-742x1024.jpeg 742w, https:\/\/zelenitragovi.com.hr\/wp-content\/uploads\/2025\/05\/WhatsApp-Image-2025-04-28-at-16.49.32-1-217x300.jpeg 217w, https:\/\/zelenitragovi.com.hr\/wp-content\/uploads\/2025\/05\/WhatsApp-Image-2025-04-28-at-16.49.32-1-768x1060.jpeg 768w, https:\/\/zelenitragovi.com.hr\/wp-content\/uploads\/2025\/05\/WhatsApp-Image-2025-04-28-at-16.49.32-1-1113x1536.jpeg 1113w, https:\/\/zelenitragovi.com.hr\/wp-content\/uploads\/2025\/05\/WhatsApp-Image-2025-04-28-at-16.49.32-1.jpeg 1126w\" sizes=\"auto, (max-width: 742px) 100vw, 742px\" \/><\/figure>\n<\/div>\n\n\n<p><strong>Bolero<\/strong> &#8211; najve\u0107i klub u Osijeku sa raznim izvo\u0111a\u010dima i odli\u010dnim provodom, cijene pristupa\u010dnije jer nije u Tvr\u0111i ve\u0107 na Sjenjaku.<\/p>\n\n\n\n<p><strong>Patika<\/strong> \u2013 manji klub u koji ve\u0107ina izlazi na aftere jer je otvoren do samog jutra, mnogi strani izvo\u0111a\u010di nastupaju tamo.<\/p>\n\n\n\n<p><\/p>\n","protected":false},"excerpt":{"rendered":"<p>Epic \u2013 klub u zidinama Tvr\u0111e sa raznolikom glazbom i tematskim zabavama poput rolanja, tako\u0111er s mnogo koncerata i nastupa bendova. Exit \u2013 klub s techno glazbom i energi\u010dnim partijima za starije od 18 godina, \u010desto znaju bit zabave s druga\u010dijim tipom glazbe poput trap, pop, rock&#8230; Memories \u2013 manji klub za tinej\u0111ere s odli\u010dnim [&hellip;]<\/p>\n","protected":false},"author":3,"featured_media":0,"parent":157,"menu_order":0,"comment_status":"closed","ping_status":"closed","template":"","meta":{"footnotes":""},"class_list":["post-221","page","type-page","status-publish","hentry"],"_links":{"self":[{"href":"https:\/\/zelenitragovi.com.hr\/index.php\/wp-json\/wp\/v2\/pages\/221","targetHints":{"allow":["GET"]}}],"collection":[{"href":"https:\/\/zelenitragovi.com.hr\/index.php\/wp-json\/wp\/v2\/pages"}],"about":[{"href":"https:\/\/zelenitragovi.com.hr\/index.php\/wp-json\/wp\/v2\/types\/page"}],"author":[{"embeddable":true,"href":"https:\/\/zelenitragovi.com.hr\/index.php\/wp-json\/wp\/v2\/users\/3"}],"replies":[{"embeddable":true,"href":"https:\/\/zelenitragovi.com.hr\/index.php\/wp-json\/wp\/v2\/comments?post=221"}],"version-history":[{"count":3,"href":"https:\/\/zelenitragovi.com.hr\/index.php\/wp-json\/wp\/v2\/pages\/221\/revisions"}],"predecessor-version":[{"id":685,"href":"https:\/\/zelenitragovi.com.hr\/index.php\/wp-json\/wp\/v2\/pages\/221\/revisions\/685"}],"up":[{"embeddable":true,"href":"https:\/\/zelenitragovi.com.hr\/index.php\/wp-json\/wp\/v2\/pages\/157"}],"wp:attachment":[{"href":"https:\/\/zelenitragovi.com.hr\/index.php\/wp-json\/wp\/v2\/media?parent=221"}],"curies":[{"name":"wp","href":"https:\/\/api.w.org\/{rel}","templated":true}]}}