{"id":235,"date":"2025-05-07T16:44:40","date_gmt":"2025-05-07T16:44:40","guid":{"rendered":"https:\/\/zelenitragovi.com.hr\/?page_id=235"},"modified":"2025-06-08T13:33:48","modified_gmt":"2025-06-08T13:33:48","slug":"dodatne-preporuke","status":"publish","type":"page","link":"https:\/\/zelenitragovi.com.hr\/index.php\/sto-raditi-u-osijeku\/dodatne-preporuke\/","title":{"rendered":"Dodatne preporuke"},"content":{"rendered":"\n<p>Osje\u010dko ljeto kulture \u2013 festival s kazali\u0161nim predstavama, koncertima i izlo\u017ebama na otvorenom.<\/p>\n\n\n\n<p>ReArt festival &#8211; umjetni\u010dki festival s radionicama, sajmovima i kocertima u kreativnom ambijentu.<\/p>\n\n\n\n<p>Dani HNK Osijek \u2013 dani kada kazali\u0161te nudi besplatne predstave i vodi\u010de iza kulisa.<\/p>\n","protected":false},"excerpt":{"rendered":"<p>Osje\u010dko ljeto kulture \u2013 festival s kazali\u0161nim predstavama, koncertima i izlo\u017ebama na otvorenom. ReArt festival &#8211; umjetni\u010dki festival s radionicama, sajmovima i kocertima u kreativnom ambijentu. Dani HNK Osijek \u2013 dani kada kazali\u0161te nudi besplatne predstave i vodi\u010de iza kulisa.<\/p>\n","protected":false},"author":3,"featured_media":0,"parent":157,"menu_order":0,"comment_status":"closed","ping_status":"closed","template":"","meta":{"footnotes":""},"class_list":["post-235","page","type-page","status-publish","hentry"],"_links":{"self":[{"href":"https:\/\/zelenitragovi.com.hr\/index.php\/wp-json\/wp\/v2\/pages\/235","targetHints":{"allow":["GET"]}}],"collection":[{"href":"https:\/\/zelenitragovi.com.hr\/index.php\/wp-json\/wp\/v2\/pages"}],"about":[{"href":"https:\/\/zelenitragovi.com.hr\/index.php\/wp-json\/wp\/v2\/types\/page"}],"author":[{"embeddable":true,"href":"https:\/\/zelenitragovi.com.hr\/index.php\/wp-json\/wp\/v2\/users\/3"}],"replies":[{"embeddable":true,"href":"https:\/\/zelenitragovi.com.hr\/index.php\/wp-json\/wp\/v2\/comments?post=235"}],"version-history":[{"count":2,"href":"https:\/\/zelenitragovi.com.hr\/index.php\/wp-json\/wp\/v2\/pages\/235\/revisions"}],"predecessor-version":[{"id":684,"href":"https:\/\/zelenitragovi.com.hr\/index.php\/wp-json\/wp\/v2\/pages\/235\/revisions\/684"}],"up":[{"embeddable":true,"href":"https:\/\/zelenitragovi.com.hr\/index.php\/wp-json\/wp\/v2\/pages\/157"}],"wp:attachment":[{"href":"https:\/\/zelenitragovi.com.hr\/index.php\/wp-json\/wp\/v2\/media?parent=235"}],"curies":[{"name":"wp","href":"https:\/\/api.w.org\/{rel}","templated":true}]}}