{"id":237,"date":"2025-05-07T17:16:28","date_gmt":"2025-05-07T17:16:28","guid":{"rendered":"https:\/\/zelenitragovi.com.hr\/?page_id=237"},"modified":"2025-06-06T20:00:06","modified_gmt":"2025-06-06T20:00:06","slug":"video","status":"publish","type":"page","link":"https:\/\/zelenitragovi.com.hr\/index.php\/video\/","title":{"rendered":"Video"},"content":{"rendered":"\n<p>Promotivni video zapisi nastali tijekom radionica u Ekonomskoj i upravnoj \u0161koli Osijek.<\/p>\n\n\n\n<figure class=\"wp-block-embed is-type-video is-provider-youtube wp-block-embed-youtube wp-embed-aspect-16-9 wp-has-aspect-ratio\"><div class=\"wp-block-embed__wrapper\">\n<iframe loading=\"lazy\" title=\"CSI: Zeleni tragovi pro\u0161losti, Crkva Svetog Mihaela Osijek\" width=\"1170\" height=\"658\" src=\"https:\/\/www.youtube.com\/embed\/Hbot_EMio_k?feature=oembed\" frameborder=\"0\" allow=\"accelerometer; autoplay; clipboard-write; encrypted-media; gyroscope; picture-in-picture; web-share\" referrerpolicy=\"strict-origin-when-cross-origin\" allowfullscreen><\/iframe>\n<\/div><\/figure>\n\n\n\n<p><a href=\"https:\/\/www.youtube.com\/watch?v=Hbot_EMio_k&amp;list=PLWs5qMgIG73qbbOkjmlP76SWaoJYNu8n7&amp;index=1&amp;pp=iAQB0gcJCYUJAYcqIYzv\"><strong>CSI: Zeleni tragovi pro\u0161losti, Crkva Svetog Mihaela Osijek<\/strong><\/a><\/p>\n\n\n\n<hr class=\"wp-block-separator has-alpha-channel-opacity\"\/>\n\n\n\n<figure class=\"wp-block-embed is-type-video is-provider-youtube wp-block-embed-youtube wp-embed-aspect-16-9 wp-has-aspect-ratio\"><div class=\"wp-block-embed__wrapper\">\n<iframe loading=\"lazy\" title=\"CSI: Zeleni tragovi pro\u0161losti, Trg Svetog Trojstva Osijek\" width=\"1170\" height=\"658\" src=\"https:\/\/www.youtube.com\/embed\/Dojlut_IYUI?feature=oembed\" frameborder=\"0\" allow=\"accelerometer; autoplay; clipboard-write; encrypted-media; gyroscope; picture-in-picture; web-share\" referrerpolicy=\"strict-origin-when-cross-origin\" allowfullscreen><\/iframe>\n<\/div><\/figure>\n\n\n\n<p><a href=\"https:\/\/www.youtube.com\/watch?v=Hbot_EMio_k&amp;list=PLWs5qMgIG73qbbOkjmlP76SWaoJYNu8n7&amp;index=1&amp;pp=iAQB0gcJCYUJAYcqIYzv\"><strong>CSI: Zeleni tragovi pro\u0161losti, Crkva Svetog Mihaela Osijek<\/strong><\/a><\/p>\n\n\n\n<hr class=\"wp-block-separator has-alpha-channel-opacity\"\/>\n\n\n\n<figure class=\"wp-block-embed is-type-video is-provider-youtube wp-block-embed-youtube wp-embed-aspect-16-9 wp-has-aspect-ratio\"><div class=\"wp-block-embed__wrapper\">\n<iframe loading=\"lazy\" title=\"CSI: Zeleni tragovi pro\u0161losti, Bastion Osijek\" width=\"1170\" height=\"658\" src=\"https:\/\/www.youtube.com\/embed\/3gq6qnXwu8I?feature=oembed\" frameborder=\"0\" allow=\"accelerometer; autoplay; clipboard-write; encrypted-media; gyroscope; picture-in-picture; web-share\" referrerpolicy=\"strict-origin-when-cross-origin\" allowfullscreen><\/iframe>\n<\/div><\/figure>\n\n\n\n<p><a href=\"https:\/\/www.youtube.com\/watch?v=3gq6qnXwu8I&amp;list=PLWs5qMgIG73qbbOkjmlP76SWaoJYNu8n7&amp;index=3&amp;pp=iAQB\">CSI: Zeleni tragovi pro\u0161losti, Bastion Osijek<\/a><\/p>\n\n\n\n<p><\/p>\n","protected":false},"excerpt":{"rendered":"<p>Promotivni video zapisi nastali tijekom radionica u Ekonomskoj i upravnoj \u0161koli Osijek. CSI: Zeleni tragovi pro\u0161losti, Crkva Svetog Mihaela Osijek CSI: Zeleni tragovi pro\u0161losti, Crkva Svetog Mihaela Osijek CSI: Zeleni tragovi pro\u0161losti, Bastion Osijek<\/p>\n","protected":false},"author":1,"featured_media":0,"parent":0,"menu_order":0,"comment_status":"closed","ping_status":"closed","template":"","meta":{"footnotes":""},"class_list":["post-237","page","type-page","status-publish","hentry"],"_links":{"self":[{"href":"https:\/\/zelenitragovi.com.hr\/index.php\/wp-json\/wp\/v2\/pages\/237","targetHints":{"allow":["GET"]}}],"collection":[{"href":"https:\/\/zelenitragovi.com.hr\/index.php\/wp-json\/wp\/v2\/pages"}],"about":[{"href":"https:\/\/zelenitragovi.com.hr\/index.php\/wp-json\/wp\/v2\/types\/page"}],"author":[{"embeddable":true,"href":"https:\/\/zelenitragovi.com.hr\/index.php\/wp-json\/wp\/v2\/users\/1"}],"replies":[{"embeddable":true,"href":"https:\/\/zelenitragovi.com.hr\/index.php\/wp-json\/wp\/v2\/comments?post=237"}],"version-history":[{"count":10,"href":"https:\/\/zelenitragovi.com.hr\/index.php\/wp-json\/wp\/v2\/pages\/237\/revisions"}],"predecessor-version":[{"id":655,"href":"https:\/\/zelenitragovi.com.hr\/index.php\/wp-json\/wp\/v2\/pages\/237\/revisions\/655"}],"wp:attachment":[{"href":"https:\/\/zelenitragovi.com.hr\/index.php\/wp-json\/wp\/v2\/media?parent=237"}],"curies":[{"name":"wp","href":"https:\/\/api.w.org\/{rel}","templated":true}]}}